/40*k**6 + 1/60*k**5 + n*k**3 + 0 - 1/24*k**4. Give i(-2).
-17
Let h(m) = 19 - m**3 + 0*m**3 + 25*m**2 + 19*m**2 - 40*m**2 + m. Give h(5).
-1
Let b(p) = -5. Let u(i) = 26*i**2 + i - 17. Let n(a) = 3*b(a) - u(a). Determine n(1).
-25
Suppose 42611 = -19*g + 279731. Let w(n) = -3*n + 12470 - g + n. Calculate w(-7).
4
Let p(g) = 5*g - 63. Let v(u) = 4*u - 53. Let m(f) = 6*p(f) - 7*v(f). Give m(6).
5
Suppose 0*n + 2*n - 62 = -4*x, -n = -5. Let k be (108/42)/((0 + -1)/(-7)). Let s(h) = -k*h**2 + h**3 + 9*h - 22*h + 6*h**2. Give s(x).
0
Let w(k) = -13*k**2 - 2 + 9*k**2 + 3*k**2 + k - 2*k**3. Suppose -4*f + 20 = f. Suppose f*a = t - 4, 4*t + 10 = -a - 8. Give w(a).
8
Let h(c) = 2*c**2 - 44*c + 29. Let w be -2 - (48 + -25) - -46. Determine h(w).
-13
Let g(o) = -7 + 2 - o - 1 + o**2 + 1 - 19*o. Give g(22).
39
Let n(l) be the first derivative of -9*l**2 + 130*l + 5658. Give n(8).
-14
Let t be 5/((-50)/4 - -13). Let r(y) = 3*y - 27. What is r(t)?
3
Let a(u) be the third derivative of -u**5/60 - u**4/6 - 13*u**3/6 + u**2 + 1938*u. Give a(-6).
-25
Let f(y) be the second derivative of 1/20*y**5 - 1/3*y**4 + 7*y - 3/2*y**2 + 1/2*y**3 + 0. Let a = -445 - -449. What is f(a)?
9
Let q(j) be the first derivative of j**4/12 + 11*j**3/6 - 9*j**2/2 + 73*j - 106. Let p(z) be the first derivative of q(z). Give p(-11).
-9
Let k(q) = -q**3 + 4*q**2 + 4*q + 5. Let p be k(5). Suppose 0 = -4*n + 3*a + 17, 4*n + 5*a = -p*n - 7. Let m = -2 + n. Let r(b) = -b + 9. Give r(m).
9
Let d(a) = 2*a - 22. Suppose p + 3*p = -20. Let h(b) = -3*b + 33. Let c(k) = p*h(k) - 8*d(k). Determine c(5).
6
Let r(z) be the first derivative of z**3/3 - 9*z**2/2 - 3*z - 3560. Give r(5).
-23
Suppose -74 + 86 = y - 2*z, 2*z = -3*y + 28. Let c(o) = 2*o**2 - 14*o + 4. Calculate c(y).
64
Let y(w) = -w**2 + 5*w - 182. Let i(u) = -16. Let c(j) = -13*i(j) + y(j). Determine c(-5).
-24
Let s(o) = 11*o**2. Suppose 2*j = -3*i + j + 680, -456 = -2*i + 2*j. Let y = i + -228. Give s(y).
11
Let d(x) = -13*x**2 - 29*x + 9. Let m(r) = 3*r**2 + 7*r - 2. Let w(u) = -2*d(u) - 9*m(u). Let i be 9/((-54)/42) + -1 + 5. Give w(i).
6
Let t(x) be the first derivative of x**4/4 - 2*x**3/3 - 3*x**2/2 - 10*x - 1766. Determine t(4).
10
Let q(d) = -26*d**3 - d**2 - d + 1. Let r(b) = -5*b - 74. Let w be r(-18). Suppose 5*j = -5, -g + 4*j + w = 11. Give q(g).
-27
Let n(a) = -a**2 - a - 2. Suppose 137*d = 138*d + 6. Let y be d/21 + 14/49. Calculate n(y).
-2
Let n(k) = k**2 - 17*k + 11. Let q = -2014 + 2029. Calculate n(q).
-19
Let j(k) = -k**2 + 98*k - 2399. Let v be j(48). Let u(w) = -57*w - 1. What is u(v)?
-58
Let v(w) = -2*w + 19. Suppose 1410 = -0*j - 3*j. Let a = j - -478. Determine v(a).
3
Let c = 1584 + -1575. Let o(u) = 2*u**2 - 21*u + 21. What is o(c)?
-6
Let m = 10 + -3. Let n(z) = -z**3 + 6*z**2 + 5*z + 9. Let a be n(m). Let j(v) = 136*v - 3 - 279*v - v**2 + 139*v. What is j(a)?
-8
Let m = 230 + -218. Let l(t) = t**2 - 6*t + t - 3*t - 9 - t + m*t. What is l(6)?
45
Suppose -239*d - 91*d - 6600 = 0. Let x(b) = 8*b + 153. Determine x(d).
-7
Let n(g) = -g**3 - 15*g**2 + 2*g + 27. Suppose -5*v + 25 = -4*u, 3648*u + v = 3649*u + 8. Calculate n(u).
-3
Suppose -5*l + 2*u = 3 + 3, -3*u - 6 = 0. Let r(v) = -4*v**2 - 11*v. Let c be r(l). Let o(y) = -y**2 + 3*y + 15. What is o(c)?
-3
Let c(g) = -g**3 + 9*g**2 + 9*g + 14. Let i(h) = -21 + h + 3 - 8 + 1. Let z be i(26). Suppose -x + 11 = z. What is c(x)?
4
Let t(g) = -g**3 - 6*g**2 - 12*g - 10. Let n be t(-4). Let z be (-33)/(-27) + 2/(-9). Suppose a = -n + z. Let k(b) = -2*b - 1. What is k(a)?
9
Let l(b) be the first derivative of -b**4/4 - 2*b**3/3 + 5*b**2/2 + 5*b - 1379. Determine l(-5).
55
Let i(g) = g**3 + 1181*g - 2 + 1198*g + 18*g**2 - 2393*g. Calculate i(-19).
-97
Let c(h) be the third derivative of h**4/8 + 13*h**3/6 - 2*h**2. Suppose i - 35 = 2*m, -73*i + 79*i - 78 = 0. What is c(m)?
-20
Let a = 51 + -18. Let f = 27 - a. Let d(z) = 0 + 1 + z + 2. What is d(f)?
-3
Let g(b) = -48*b - 16. Let h be g(-1). Let f(j) = 35*j**2 - 57*j**2 + 14 - 5 + h*j**2 + j**3 + j. Give f(-10).
-1
Let m be (-255)/204 - (9/(-4) - -1). Suppose 0 = k + 3*i - 10, -3*k - 5*i + 17 + 1 = m. Let p(f) = 0 + 2 - f - 6*f - 1. Calculate p(k).
-6
Let t(k) be the third derivative of -k**4/24 - k**3/6 + 37*k**2. Suppose -1840*g = -1837*g + 15. Give t(g).
4
Let q(y) = y**2 - 8*y - 3955. Let a be q(-59). Let n(r) = 3*r**3 + 1 - 2*r**3 + 0. What is n(a)?
-7
Let a(j) be the third derivative of -j**6/120 + j**5/20 + 7*j**3/6 + 7*j**2 + 24*j. What is a(3)?
7
Suppose -2*u + 89 - 38 = 5*g, 0 = 3*g + u - 30. Let v(c) = -c + 21. Give v(g).
12
Let z(h) be the first derivative of -h**4/4 + 7*h**3/3 + 5*h**2/2 + 30*h - 1329. What is z(8)?
6
Let y(h) be the first derivative of h**4/24 - 4*h**2 - 4*h - 32. Let c(s) be the second derivative of y(s). Determine c(6).
6
Let u = 79054 - 79049. Let m(k) be the third derivative of -k**4/24 + k**3 - k**2. What is m(u)?
1
Let s(b) be the first derivative of -2*b**3/3 - 3*b**2/2 + 46*b - 6395. Give s(0).
46
Let n(v) = -v**2 + 10*v + 5. Let b = 172 - 175. Let y(m) = m**3 + 3*m**2 - 5*m - 5. Let h be y(b). What is n(h)?
5
Let n(t) = -21*t - 10. Let c = 405 - 410. Let m(w) = 27*w + 11. Let u(k) = c*m(k) - 6*n(k). What is u(6)?
-49
Let b be (41 + -43)/(1*-1). Let u be ((-4)/2)/(14/(-21)). Let z(h) = 5*h**b + h**u + 0*h**2 + 4*h - 2*h**3 - 2*h**2. Calculate z(4).
0
Let n be (-11 - (-10 - -1))/((-2)/(-14)). Let w(m) = -8*m - 83. What is w(n)?
29
Let t(z) = -z. Let p(f) = -f + 6. Let i = 17 + -9. Let k be i/(-2) + 8 + -6. Let l(d) = k*t(d) + p(d). What is l(0)?
6
Suppose -2*b = -4 - 4. Let y(t) be the first derivative of -2*t**2 + 2*t - 5813. What is y(b)?
-14
Let k(y) be the second derivative of 16*y**3/3 - 7*y**2 - 3447*y. What is k(4)?
114
Let u(k) = k + 5. Let p be u(-5). Let y(q) = -2*q - 2 + p - 3. Determine y(-5).
5
Let c(y) = 15*y**2 + 7*y - 7. Let j(w) = w**2 + 2. Let x(s) = -c(s) + 2*j(s). Let f(p) = 27*p**2 + 15*p - 24. Let u(n) = 6*f(n) + 13*x(n). Determine u(-1).
-7
Let j(d) be the first derivative of -1/3*d**3 + 29*d - 144 - 5*d**2. Determine j(-12).
5
Let a(u) = u**3 - 6*u**2 + 3*u + 15. Let h be ((-10)/7 - 0)*(-756)/216. What is a(h)?
5
Let r = 936 - 538. Let m = r - 400. Let t(q) = -2*q**2 - q. What is t(m)?
-6
Let i(m) = -3*m - 47. Let j(g) = 3*g**3 + 2*g**2 - 60*g - 118. Let o be j(-2). What is i(o)?
-5
Let l(j) be the first derivative of -j**3/3 - 3*j**2/2 + 15*j - 144. Let y(o) = -o**2 - 5*o + 16. Let n(p) = 3*l(p) - 2*y(p). Calculate n(0).
13
Let i(g) = -3*g**2 + 2*g. Let v(l) = -l**3 - 4*l**2 + 3*l. Let d(f) = -3*i(f) + 2*v(f). Suppose 9*x = 30*x + 18*x - 39. What is d(x)?
-1
Suppose -3*q + 3 = 4*n + 6, 0 = -4*q - 20. Let a(c) = 0*c**3 - c + 9*c**2 + 4 - 5 + c**n - 16. Calculate a(-9).
-8
Let h = -67 + 67. Suppose h = -s - 7 + 25. Let p(j) = 9*j - s*j - 1 + 7*j. What is p(-4)?
7
Suppose -a - 11*a = -48. Let z(k) = 0*k**3 + 3*k + a + 3*k**3 - 4*k**2 - 2*k**2 - 4*k**3. Suppose l = -3, 0 = -4*b - 4*l + 5 - 41. Give z(b).
-14
Let x(r) = -164*r - 31. Let c(f) = -55*f - 10. Let d(n) = 11*c(n) - 4*x(n). Calculate d(-3).
-139
Suppose 15 = 4*q + 11. Suppose -3*p + q = -8. Suppose p*h = h - 4. Let y(f) = -5*f. What is y(h)?
10
Let f(l) = l**3 - 8*l**2 + 6*l - 3. Let k be ((-42)/56)/((-2 - 1)/24). Let y(w) = w**3 - 3*w**2 - 22*w + 31. Let o be y(k). Give f(o).
-10
Let g(l) = -3*l + 6. Let n(v) = -25*v**2 + 6*v + 3. Let k be n(-1). Let d = 22 + k. Determine g(d).
24
Suppose -61*k + 37*k = -71*k. Let q(o) be the third derivative of 0*o - 1/24*o**4 + k*o**3 + 0 - 25*o**2. Calculate q(6).
-6
Let n be 76/(3 - 1)*20. Let t = n - 166. Let l(c) = -4*c**3 - t + 2*c**2 - 4*c**2 + 595 + 3*c**3. Determine l(-1).
0
Let c(w) = -34*w**2 - 18*w + 45. Let j(t) = 18*t**2 - 1. Let g(d) = -c(d) - 2*j(d). What is g(7)?
-15
Let k(t) = -2*t**2 - 4*t - 8. Suppose -5*y = -2*w - 23 + 4, -2*w + 3*y - 13 = 0. Give k(w).
-8
Let m(y) = -2*y**2 + 6*y + 3. Let a(n) = n**3 + 8*n**2 - 6*n - 18. Let h be a(-8). Let i be (7 - 9)*(h/4)/(-3). Determine m(i).
-17
Suppose -9*l + 10 = -8*l - 4*q, 5*q = -10. Let i(w) = -1 + 5*w + 20*w**2 - 11*w**l - 8*w**2. Let b = 11 - 14. Give i(b).
-7
Let o(l) be the third derivative of -l**5/60 + 6*l**3 + 1099*l**2. Calculate o(0).
36
Let w be 98/147 + 115/(-15). Let q(a) = a**3 + 